ird derivative of r**5/60 - 371*r**2. Determine u(-1).
1
Suppose 0*k = k - h - 25, 0 = -2*h - 10. Let m(i) = k - 10 - 7 - 4 - 15*i. Give m(1).
-16
Let v be ((-2)/(-10))/(-13 + 100862/7755). Let s(o) = 3*o**3 - 101*o**2 + 66*o - 3. What is s(v)?
-3
Let x(r) = -r**3 - 2*r**2 + 8*r + 6. Let p be (-18)/(-21) + 432/(-63). Determine x(p).
102
Let v(j) = j - 5. Let s = 40 - -2. Let y be 3910/34*2/(-5). Let k = y + s. Calculate v(k).
-9
Let c(f) = -f**3 - 4*f**2 - 56*f - 299. Let d be c(-5). Let v = -6 - -2. Let g be (165/(-22))/(d/v). Let y(z) = -z - 1. Give y(g).
-6
Let o(m) = m**3 - 7*m**2 + m - 8. Suppose -3*k + 47 = -4*h, 0 = 5*h - 0*h + 2*k + 53. Let v = h - -8. Let x = v - -10. What is o(x)?
-1
Let c(l) = -2*l**2 - 17*l + 44. Suppose -121*o + 60*o + 53*o = 80. What is c(o)?
14
Let h(k) be the third derivative of k**7/2520 - 7*k**6/720 - k**5/20 + 43*k**4/24 + k**2 - k. Let d(b) be the second derivative of h(b). Determine d(7).
-6
Let r(o) be the third derivative of 0 - 4/3*o**3 + 0*o - 5/12*o**4 - 1/60*o**5 + 268*o**2. What is r(-7)?
13
Let q(h) = -7 + 204*h**2 + 207*h**2 + 5*h + 209*h**2 - 2*h**3 - 626*h**2. Calculate q(-4).
5
Let o(c) = 8*c + 16. Let s(m) = -3*m - 12. Let t(g) = o(g) + 2*s(g). Let u be (-5)/(((-12)/(-9))/(-4)). Suppose 0 = -4*a + 9 + u. What is t(a)?
4
Let r(d) = -d**2 + 11*d - 19. Let p = -7141 + 7147. Give r(p).
11
Let m(s) = -s + 11. Let g be m(9). Suppose 24 = -22*c + g. Let q(f) be the second derivative of -f**5/4 - f**4/12 - f**3/6 - f**2/2 - f. Give q(c).
4
Let s(u) = -u + 1. Let z(i) = -4*i - 3. Let v(f) = -2*s(f) - z(f). Let h be 1/4*(-16 - -16). Suppose 2*b - 22 = -5*p + 1, b + 5*p - 24 = h. What is v(b)?
-5
Let l(s) = -4*s**2. Let o = 27 - 25. Suppose 3*p = -4*d - 2 + 5, o*p - 13 = d. Give l(d).
-36
Let v(h) = h + 5. Let s be v(-1). Suppose o + 14 = -s*y, -4*y + 1 = -4*o + 45. Let l(m) = o*m + 0*m**2 - m**2 + m**3 - 3*m**2 - 3*m**2 - 6. Give l(6).
-6
Let t(b) = 20 - 3*b + 4*b - 17. Let j = 7 - -11. Suppose -12*z = -9*z + j. Calculate t(z).
-3
Suppose 58*c = 49*c - 54. Let a(d) = -163*d - d**3 - 5 - 7*d**2 + 313*d - 158*d. Give a(c).
7
Let c(q) be the first derivative of 1/2*q**2 - 19 + 3*q. Suppose r + 4*o = -r - 10, -10 = r - 3*o. Give c(r).
-4
Let v(f) = -2*f + 9. Let x(u) = 15*u + 119. Let w be x(-11). Let g = w - -39. What is v(g)?
23
Let n(r) = r**2 + 1361*r - 1358*r + 2 + 0*r**2. Calculate n(-3).
2
Let x be ((-6)/4)/((162/(-48))/9). Let k(s) = -4*s + 8 - 1 - x + 9. Determine k(5).
-8
Let n(w) = -2*w**3 - 3*w**2 - w - 2. Let l = -123 - -120. Let t be -5 - 1/(l/9). Determine n(t).
4
Let c be 8/(-6)*(-3)/(-2). Let l(f) be the first derivative of 3*f**2/2 - f - 42112. What is l(c)?
-7
Let v(b) be the second derivative of -b**5/20 + 11*b**4/12 + 5*b**3/6 - 11*b**2/2 + 3*b - 2177. Calculate v(11).
44
Let m = 3462 - 3457. Let v(p) = -p**2 + 3*p + 4. Give v(m).
-6
Suppose 49*l - 60 = 55*l. Let m(k) = -7*k**2 - 6*k - 6. Let t(d) = -d**2 + d. Let g(f) = m(f) - 6*t(f). Determine g(l).
14
Let p(o) = 6*o**2 + 0*o**2 - 16 - 7*o - 13*o - 2*o**3 + 0*o - 45*o**2. Give p(-19).
3
Let y be (-3 - -6)*12 - 132/22. Suppose y = 2*q + 24. Let l(f) = f**2 - 4*f - 1. Determine l(q).
-4
Let t(o) = o**3 - 8*o**2 + o + 1. Let k(p) = -p**2 + 10*p + 15. Let q be k(7). Suppose 5*s = -h - 12, 0 = -5*h - 5*s + 4*s + q. Calculate t(h).
9
Let m(x) be the second derivative of -x**5/4 + x**4/6 + x**3/3 + x**2/2 - 20076*x. Let g(p) = p**3 + 5*p**2 + 4*p - 1. Let q be g(-4). Give m(q).
6
Let i(a) = -7*a**3 - 7*a**2 - 8*a - 1. Let m(s) = 7*s**3 - 6*s**3 + 8*s - 7*s. Let x(h) = i(h) + 6*m(h). What is x(-6)?
-25
Suppose 4*f + j - 1 - 13 = 0, -f + j + 1 = 0. Suppose 10*u - 12 = 28. Let d(s) = 0*s**2 - 3 + 0*s**2 - 5*s**2 + u*s**2. Calculate d(f).
-12
Let w(p) = -p**3 - 10*p**2 + 23*p + 2. Suppose 46 = -3*m - 5*u, 3*m + 28 = 10*u - 6*u. Give w(m).
14
Let y(p) be the first derivative of p**3/3 - 3*p**2/2 + 4*p - 1203. Determine y(0).
4
Suppose 161 - 23 = -23*l. Let p(b) be the third derivative of 1/24*b**4 - 17*b**2 + 0*b**3 + 0 + 0*b. Calculate p(l).
-6
Suppose -9 = 2*d + d. Let w be (-4)/d + (-209)/33. Let x(q) be the first derivative of q**4/4 + 5*q**3/3 + 2*q + 5. Calculate x(w).
2
Suppose 4*s - 4*t = 76, 10*t - 45 = -5*s + 5*t. Let h(r) = 9*r - 5 - s*r - 32*r**2 + 33*r**2. Suppose 7*x - 4*x - 18 = 0. Give h(x).
1
Let d(p) = 2*p**2 + 50*p - 8. Suppose -h + 2 = 0, -14*h + 9*h = 5*y + 115. Calculate d(y).
-8
Let j(g) = g**3 + g**2 - 9*g - 5. Let o = 25830 - 25833. What is j(o)?
4
Suppose 246*a = 224*a + 198. Let q(k) = -k**2 + 7*k + 8. What is q(a)?
-10
Let o(r) = 4604 + 13*r**2 + 2*r**3 - 4586 + 4*r**3 - 5*r**3 + 44*r. Give o(-6).
6
Let f be ((-8)/(-14))/((-9)/(12 - 75)). Let y(s) = -71 + s - f*s + 67 + 2*s**2 + 2*s + 5*s. Calculate y(3).
26
Let j(o) = 71*o + 103*o**3 - 102*o**3 - 97*o + 24*o**2 + 6. What is j(-25)?
31
Let r(o) = -o**3 - 10*o**2 + 3*o - 84. Suppose 2*d = 4*a - 30, -5*a + 9 = -3*d - 34. Calculate r(d).
4
Let n be 3/(-7) + (-357)/(-147). Suppose 5*m - 3 = n*q - 28, 0 = q. Let o(d) = d**3 + 5*d**2 - 2*d - 2. Calculate o(m).
8
Let u be (-3)/(-126)*-4 + 10730/210. Let d(p) = -58*p - 55*p - u*p + 219*p - 6 - 57*p. What is d(-6)?
6
Let d(r) = r**2 + 6*r + 7. Let f(h) = h**2 - 28*h + 4. Let v be f(29). Let w be 27/6*(-44)/v. Give d(w).
7
Let c(z) be the first derivative of -z**4/4 + 8*z**3 - 23*z**2/2 - 8*z + 1509. Determine c(23).
-8
Suppose 2*b = 3*t + 24, -5 = b - 4*t - 17. Suppose b = 8*w + 36. Let l(h) = -7*h + 2. What is l(w)?
23
Let x be (19 - (-1 - -3)) + 3. Let a = x - 15. Let k(g) = g**2 - 9*g + 1. Let m(o) = 5*o**2 - 47*o + 5. Let u(p) = 6*k(p) - m(p). Determine u(a).
-9
Let b(p) = -19. Let g(f) = f**2 - 9*f + 19. Let r be g(5). Let c(h) = h - 1. Let m(y) = r*b(y) + c(y). Calculate m(0).
18
Suppose -29*w = -26*w + 36. Let c be (-28)/((-1)/5*(-30)/w). Let j(s) = -18*s**2 - 19*s**2 + 2*s - 3 - 18*s**2 + c*s**2. Give j(-4).
5
Let z(v) = v - 3. Let u(l) = l**2 - 22*l + 42. Let f be u(20). Let r(g) = 2*g. Let m be r(f). Suppose -x - 6 = 4*k + 8, 0 = -4*k + m*x - 24. Calculate z(k).
-7
Let s(h) = -2*h**2 - 21*h - 17. Let k be s(-9). Suppose -14*w = -19*w + k. Let p(x) = -x**3 + 3. Determine p(w).
-5
Let f(c) = 42*c + 218. Suppose -144*v + 147*v = 5*k + 13, -29 = 5*k + v. What is f(k)?
8
Let m(w) be the third derivative of -3*w**4/8 + w**3/2 - 278751*w**2. Let z = 6 - 3. Determine m(z).
-24
Let b(m) be the second derivative of -7*m**2 + 1/2*m**3 - 7/12*m**4 + 14 + 1/20*m**5 - 2*m. Give b(7).
7
Suppose 0 = 56*q - 169*q - 678. Let b(h) = -h**2 - 3*h + 2. Give b(q).
-16
Let k(x) = x**2 - x + 4. Let m be (0 + 0)/((-11)/(44/8)). Suppose c - g = -c, m = 2*g. What is k(c)?
4
Let k(w) = 6*w - 6 + 28 + 7 - 9 - 13. What is k(-4)?
-17
Let w(g) = -5*g - 37. Let o be w(-9). Suppose -o*i + 78 = -21*i. Let s(h) = h**2 + 5*h - 1. Give s(i).
5
Suppose -4*m = -14*y + 18*y - 32, -y + 3 = 0. Let c(q) = -2*q**2 + 6*q + 17. Give c(m).
-3
Let f(k) = -44*k - 22*k - k**2 + 38 + 55*k + 21. What is f(-16)?
-21
Let p(i) be the third derivative of -i**5/10 - i**3/6 - 171*i**2 + 2. Calculate p(-2).
-25
Let v(w) = 8*w - 67. Let y be 7*12/(-168)*-16. Calculate v(y).
-3
Let k(s) = -s**3 - 36*s**2 + 38*s + 37. Suppose 0 = -34*u - 1761 + 503. Calculate k(u).
0
Let w(p) = -11*p + 5*p + 3*p - 12*p. Let k = 2943 - 2942. What is w(k)?
-15
Let y(k) = -2*k**2 + 4*k + 3. Let p = -320 + 1011. Let v = -692 + p. What is y(v)?
-3
Suppose 3 - 10 = g. Suppose -2*m + 11 = s, -18 = -5*m + 2. Let p(c) = -2*c**3 + 8*c**2 + 2*c**3 + 7*c + 0*c**3 - 3 + c**s. Calculate p(g).
-3
Let y(o) = 6*o. Suppose -197*i + 200*i - 12 = 0. Suppose 0*z + 6 = -3*v + 3*z, 0 = -4*z + i. What is y(v)?
-6
Let d(j) = -7*j + 64. Let f(i) = 9*i - 127. Let k(l) = 5*d(l) + 3*f(l). Calculate k(-7).
-5
Suppose -5*h + 363 = 5*i - 212, i = 5*h - 545. Let u = h - 154. Let g = u + 52. Let y(f) = -f**2 + 10*f - 7. What is y(g)?
9
Let u(j) be the first derivative of -j**3/3 - j**2/2 + 6*j - 1. Suppose -16031*s + 15989*s = -126. Determine u(s).
-6
Let t = 23697 - 23720. Let x(m) = -8*m - 188. What is x(t)?
-4
Let x = -58 - -143. Suppose 5*t = -5*j + 125, j = -4*t + 2*j + x. Let o be (-26)/(-6) - t/(-33). Let v(p) = p**2 - 1. Calculate v(o).
24
Let w(j) = j**2 - j. Let k be 2/7 + 38/14. Suppose -15*v + 12*v = 6. Let o(z) =